, -4*w - f*a = -28 - 0. Calculate the remainder when w is divided by 2.
0
Let p(s) = -24*s - 14. What is the remainder when p(-8) is divided by 30?
28
Let x(c) = -c**3 - 7*c**2 + 1. Let k be x(-7). Calculate the remainder when (k - -2) + 9 + 2 is divided by 5.
4
Let w be 6/(-9)*(-9)/(-6). Let p(s) = -14*s - 2. Calculate the remainder when p(w) is divided by 4.
0
Let k(s) = 2*s**2 - 4. Calculate the remainder when k(-5) is divided by 16.
14
Let y = -27 - -44. What is the remainder when 167 is divided by y?
14
Suppose 52 = -63*m + 67*m. What is the remainder when 90 is divided by m?
12
Suppose 4*j = 3*j + 29. Suppose 2*w - 21 = 9. Calculate the remainder when j is divided by w.
14
Let u(w) = 3*w**2 + 2*w - 2. Let c(m) = -m + 2. Let d be c(4). Let b be u(d). What is the remainder when 4 is divided by (b/8)/(2/8)?
1
Suppose 5*r + 3*w = -2*w + 280, 0 = 4*w + 16. Calculate the remainder when r is divided by 21.
18
Suppose 130 = 3*q + 46. What is the remainder when q is divided by 16?
12
Suppose 5*z - 4 = 6. Let q be 3 + (-8 - -2)/2. Suppose q*b = -b + z. Calculate the remainder when 4 is divided by b.
0
Let p(h) = -28*h. Calculate the remainder when p(-1) is divided by 5.
3
Suppose 2*g = 2*x + 32, 5*g - 4*g + 8 = -5*x. What is the remainder when 46 is divided by g?
10
Let q(x) = 2*x**2 + 4*x - 17. Suppose -5*g = -g - 200. What is the remainder when g is divided by q(-5)?
11
What is the remainder when ((-8)/32)/(2*(-1)/56) is divided by (4/(-3))/((-1)/3)?
3
Let s(j) = j**3 + 30*j**2 + 28*j + 30. What is the remainder when s(-29) is divided by 6?
5
Let l = 68 + -45. Calculate the remainder when l is divided by 9.
5
Suppose -k - 4*t + 18 = 0, 68 = 4*k - 4*t - 4. Calculate the remainder when 51 is divided by k.
15
Suppose -i = -4, -14 = -3*r + r - 2*i. Suppose r*y = y + 76. Suppose 0 = 3*a + q - 39, 2*a - 39 = -a - 4*q. What is the remainder when y is divided by a?
12
Let g(r) = r**2 - 8*r + 4. Let w be g(8). Let z(f) = 2*f**3 - 7*f**2 + 1. What is the remainder when 47 is divided by z(w)?
13
Suppose 5*x - 4*o - 86 = 0, 0 = 2*x - o - 33 - 2. Let m = -14 - -21. Calculate the remainder when x is divided by m.
4
Suppose 4*t + f = 18, 0 = t - 0*f - 3*f - 11. Suppose -t + 0 = -p. Suppose -2*h + 2*x + p + 9 = 0, -2*x - 2 = 4*h. What is the remainder when 4 is divided by h?
0
Suppose f - 4*g + 5 = 0, 51 = -5*f - 3*g + 3. Let m = f + 24. Calculate the remainder when m is divided by 8.
7
Suppose d - 4*d + 8 = -u, 0 = -4*u - 3*d - 32. Let s = -1 - u. What is the remainder when s is divided by 5?
2
Suppose -100 = 7*u - 9*u. What is the remainder when u is divided by 18?
14
Let h = 84 + -49. Suppose 0 = 8*w + 33 - 177. What is the remainder when h is divided by w?
17
Suppose -6*i = -i. Suppose i = 3*p - 0*p - 18. Suppose -9 = -4*t - 4*y + 19, -2*t - 3*y + 12 = 0. What is the remainder when t is divided by p?
3
Let w(l) = -3*l + 1. Let p(j) = 4*j. Let d be p(1). Suppose 0 = -5*g + 5*s - 30, -2*g + 0 = d*s + 6. Calculate the remainder when w(g) is divided by 6.
4
Suppose -2*d = -k + 70, 3*d + 3*k = -0*k - 87. Let t be (1 - d/15)*-5. Let i = -6 - t. What is the remainder when i is divided by 6?
4
Suppose 5*a - 4*t - 140 = a, -2*a + t + 69 = 0. Suppose -3*p - m = -31, -5*p + 38 - 1 = -2*m. What is the remainder when a is divided by p?
7
Let n = -29 - -23. Let q = n + 20. Suppose 4*a + 16 = 48. What is the remainder when q is divided by a?
6
Let t(b) = -1 - 3 - b - 2*b**2 + b**3 + 3*b**2 - 2*b**2. What is the remainder when t(3) is divided by 6?
5
Suppose -10 = -5*w + 5*h + 5, -16 = -5*w + 4*h. Suppose -k - 8 = -2*k - 3*n, 4*k + 5*n = w. Calculate the remainder when 34 is divided by k/((-12)/33) - -1.
10
Let f(y) = 2*y**3 - 6*y**2 + 3*y + 3. Calculate the remainder when f(4) is divided by 17.
13
Let t be 2/(-8) + (-11)/4. Let l(x) = 5*x**2 + x + 2. What is the remainder when l(t) is divided by (-10)/(-8)*-1*-12?
14
Let o(m) = 4*m + 3. What is the remainder when o(18) is divided by 11?
9
Let w be 3/9 + (-28)/(-6). Suppose 0 = w*i - 23 - 107. Calculate the remainder when i is divided by 9.
8
Let c(l) = -3*l**2 + 5. Let s be c(4). Calculate the remainder when (s + 1)*4/(-6) is divided by 15.
13
Let k(a) = -a - 3. Let x be k(9). Let r(w) = w**3 - w**2 + w + 1. Let v be r(3). Let j = x + v. Calculate the remainder when 29 is divided by j.
9
Let p(f) be the first derivative of f**4/4 - 2*f**2 + 3*f + 7. What is the remainder when p(2) is divided by 1?
0
Let a = 14 - 8. What is the remainder when (2/4)/((-2)/(-92)) is divided by a?
5
Let d = 7 + -14. Let g(t) = t**2 - 8*t. Let n be g(d). Suppose w = -2*w + n. Calculate the remainder when w is divided by 12.
11
Let p be (2 - 2)*2/2. Suppose 5*v = 5*y + 160, -3*v - 2*y + 3*y + 102 = p. Calculate the remainder when v is divided by 18.
17
Let v be 2 + 1 + (3 - 1). Let l be v/(15/378) - 2. Suppose -4*d + 39 = k - 3*d, 4*k = 4*d + l. Calculate the remainder when k is divided by 12.
11
What is the remainder when 2 + 1*(2 + 30) is divided by 9?
7
Let k(y) = y**3 + 15*y**2 - 18*y - 13. Calculate the remainder when k(-16) is divided by 11.
8
Suppose 0 = -5*o + 2*g + 35, 0 = 3*o + g - 11 + 1. What is the remainder when 12 is divided by o?
2
Suppose n + 4*b = 5*n - 104, -118 = -3*n - 5*b. Calculate the remainder when 91 is divided by n.
29
Suppose 2*j + 8 = j. Let u = 17 + j. Let y = 19 - u. Calculate the remainder when y is divided by 6.
4
Let z = -15 - -32. What is the remainder when 32 is divided by z?
15
Let d = -7 - -13. Let m(z) = -z**2 + 6*z + 6. Calculate the remainder when 34 is divided by m(d).
4
Let x = 23 - -5. Calculate the remainder when x is divided by 8.
4
Let o(q) = 24*q + 1. Let t be 224/(-104) - 4/(-26). Let u(x) = 5*x**2 + 3*x + 3. What is the remainder when o(2) is divided by u(t)?
15
Suppose -a = -l - 66, -5*l - 368 = -4*a - 108. Calculate the remainder when a is divided by 18.
16
Suppose -8 = 3*u - 4*u. Suppose -2*z - u - 6 = 0. Let y(i) = -i - 1. Calculate the remainder when 17 is divided by y(z).
5
Let r(o) = 2*o - 6. Calculate the remainder when 67 is divided by r(12).
13
Suppose -4*q + 0*q = -56. Suppose 7*r = 5*p + 4*r - 18, r = -4*p + 11. Suppose -i + p + 2 = 0. Calculate the remainder when q is divided by i.
4
Let f = -58 + 113. What is the remainder when f is divided by 29?
26
Let g be (-1 - -3) + 144/(-2). Let s = g - -102. Calculate the remainder when s is divided by 17.
15
Suppose 3*w = w + 72. Calculate the remainder when w is divided by 13.
10
Suppose 0 = -2*a + 43 + 7. Suppose a = 5*o + 10, o - 83 = -5*s. What is the remainder when 30 is divided by s?
14
Let k be 6 - 3 - 1*-1. Let d be ((-2)/k)/((-2)/4). Let i(f) = 16*f + 1. Calculate the remainder when i(d) is divided by 10.
7
Let f = 3 - -2. Let c(t) = 34*t**3 + 1. Let b be c(1). Suppose -5*u = -3*u + f*g + 7, -5*g = -5*u + b. What is the remainder when 10 is divided by u?
2
Let m(z) = z + 9. Calculate the remainder when 1 + 1 + -3 - -15 is divided by m(-4).
4
Let b be (2 + (-8)/4)/2. Suppose -z - 4 = -3*s + 38, b = -3*s - 2*z + 51. Calculate the remainder when 42 is divided by s.
12
Let u(g) = -4 - 10*g + 5*g + 0*g - 9*g. Calculate the remainder when u(-4) is divided by 18.
16
Let z(f) = 3*f - 3. Let n(q) = -6*q + 9. Let s be n(-8). Let d = -22 + s. Calculate the remainder when d is divided by z(5).
11
Calculate the remainder when (-3)/4 + 0 + 237/12 is divided by ((-20)/(-8))/((-1)/(-2)).
4
Suppose 2*k + 19 - 25 = 0. Calculate the remainder when 10 is divided by k.
1
Let s = 5 + -1. Suppose 0*v - v = 5*o - 544, s*o + 2*v = 434. Let a = -54 + o. What is the remainder when a is divided by 19?
17
Let x(s) = -s**3 + 5*s**2 - 6. Calculate the remainder when 28 is divided by x(4).
8
Let y(d) = d**3 + d**2 - 4*d - 1. Let o be y(-3). Let c be o/(-1)*(-6 - -18). Calculate the remainder when 25 is divided by ((-6)/9)/((-4)/c).
11
Suppose -4*k = -5*o + 132, 0 = 5*o - 0*k + 3*k - 146. Let d = o + -26. Calculate the remainder when -2*(-7)/4*2 is divided by d.
1
Suppose -2*j - g = -55, 0 = j + 4*j - 3*g - 154. Let b = 364 + -250. What is the remainder when b is divided by j?
27
Let o = 4 + 1. Suppose 0 = -3*t + 2*t - 2*q + 4, 4*t = 3*q + 5. Suppose 75 = 5*b - 5*h, -t*b + o*h = h - 36. What is the remainder when 21 is divided by b?
9
Let r(p) = -3*p - 10. Le